he value of 37 + -37 + -3 + 67?
64
What is the value of -118 - 1 - (-154 + 107)?
-72
What is the value of (-24 - (23 + 3 - 78)) + -21?
7
What is the value of 44 + (25 - (0 + 13 - (-64 + 71)))?
63
Calculate 0 + 1 - 7 - (139 - 152) - -23.
30
Calculate 106 + ((-22 - -29) + -44 - -12 - -25).
106
What is 17 + (-28 - -11) + -2 + -47 - 4?
-53
(-445 - -454) + 7 + 2 + 3 + -3
18
Evaluate 14 + ((-11 - -34) + -25 - 19).
-7
Calculate 8 + 1 + 3 + (14 - 4 - -9).
31
What is 54 + -67 + (10 - 112)?
-115
Calculate (0 + 9 + -3 + -1 - (-24 + 30)) + -62.
-63
What is the value of 108 + -114 + 1 + 47 - (0 + -14)?
56
Evaluate 34 + 0 - (104 + -99) - (-11 + 2 - 0).
38
Calculate (-1 - 62) + (-56 - (-265 - -222)).
-76
What is the value of -167 + 55 - -77 - (23 + (6 - 12))?
-52
Evaluate 44 - ((5 - 1) + -8) - (5 + -12 + 13).
42
16 + 48 - (-4 - (-26 + -26 + 71))
87
Evaluate (369 - 349) + -16 + 1 + (31 - -2).
38
42 - ((-15 - -2) + (-162 - -177))
40
What is 84 - (-51 + 134 + 63)?
-62
What is the value of (3 - -8) + (4 - 44) - (-4 + (-5 - -17))?
-37
What is 19 + (22 - 54) - (1 + -67)?
53
What is 1 - 28 - (30 - 35 - -14 - 10)?
-26
Evaluate 14 - (2 + (-3 + 14 - -13) - -14).
-26
What is the value of -29 - (29 + 10 - (-25 - -173))?
80
Calculate 22 - ((21 - 12 - (2 + -1 + -9)) + -8).
13
Calculate 16 + -13 + 6 + (13 - 13) - -67.
76
8 + -3 - (-7 + -1 - -4 - (18 - 10))
17
(33 - (0 + -18 + 26 + -17)) + 16
58
2606 + -2661 - ((2 - 0) + -1 + 5)
-61
(14 - (-4 + 10)) + (-165 - -11)
-146
What is -27 + -27 - (-4 - 10)?
-40
What is (-103 - (44 - 100)) + 0?
-47
Calculate -15 + 27 + -45 + 20 - -33.
20
Evaluate 3 + 6 + -8 - -3 - (-3 + 19 - 46).
34
Evaluate (39 - 73) + (-27 - -88).
27
What is -41 + -11 + 19 + 21 + 33 + 2?
23
(1 - -22 - 4) + -8 - (48 - 1)
-36
Evaluate -69 + 68 - ((5 + 0 - 4 - -2) + 40).
-44
-4 - (19 + (-24 - -12) + 23)
-34
What is -18 + (-16 - -36 - 8) + (-9 - 2)?
-17
-92 - -45 - (26 - 80)
7
Evaluate (0 - 102) + (-8 - (-21 - -1)).
-90
What is the value of -56 + (-36 - (-17 + -121)) + 1 + 9?
56
Calculate 85 + -70 + -2 + (1 - 5) - (-31 - -21).
19
What is the value of -15 - -2 - (24 + 19 + -75 - -8)?
11
Evaluate ((18 - 11) + -20 - -16) + -23.
-20
What is the value of -40 - (-81 - -81 - -36)?
-76
Calculate (-2 - -12) + -9 + 2 + -3 + -50 + 52.
2
What is -2 + 3 + (-23 + (75 - 23) - -20)?
50
What is the value of 74 + ((-60 - -36) + 20 - -7)?
77
-3 - ((-63 - (-1 + 1)) + (-1 - -9))
52
Calculate -119 + (-1 - -60 - (1050 - 1028)).
-82
Calculate (28 - (-12 - -70)) + (71 - -8).
49
(-15 - (17 - 15 - (-87 - -5))) + -2 - 5
-106
(-14 - ((-24 - -3) + 25)) + -11
-29
Calculate (6 - (-8 + 0)) + 9 - (-4 - 2).
29
What is 8 + 1 + -5 + -8 - (93 - 91)?
-6
110 - (34 - -1 - -1 - 16)
90
-69 + 60 - (-1 + 2 + -12 + (-2 - -67))
-63
Calculate 244 - 212 - ((2 - -14) + -2).
18
What is the value of (16 + -27 - -54) + 6 + -4?
45
What is the value of 111 + (-27 - ((-4 - (13 + 9)) + 10))?
100
Calculate 90 + -88 - (60 - -3) - (-1 - 8).
-52
Calculate 19 + -1 + 790 + -812 + (13 - -1).
10
Evaluate -48 + (-131 - -116 - -5) + (0 - -2).
-56
Evaluate 103 - 97 - (20 + 1) - (1 - 10).
-6
2 + 1 + -29 + -24 + -6 + 20
-36
What is the value of 0 + -43 - (-96 + 140 + -63)?
-24
10 + -32 + (35 - (-62 - 11))
86
Calculate 12 + (-18 - 40 - -17) + 17 - 102.
-114
Calculate (-40 + (3 - -2) - -6) + (-6 - (3 - 14)).
-24
1900 - 1898 - (23 + -19 + (31 - 1))
-32
30 - ((157 - 145) + -1 + -17)
36
What is the value of -2 + 2 + -105 + 1 + -17 + (-379 - -399)?
-101
What is the value of 13 - ((31 + 1 - -3 - 9) + -11)?
-2
-27 + -84 - (11 + (-24 - -6))
-104
What is the value of 60 - 1 - ((5 + -2 - -5) + -6 + 6)?
51
What is the value of 1 - (16 + -11 + 0) - -19 - -12?
27
What is the value of 26 + (160 - 73) + -34?
79
Evaluate 2 - (-56 + 3) - ((-2 - (-31 - -15)) + -14).
55
What is 9 + 25 + 1 + (-26 - (-10 + -2))?
21
0 + 55 - (21 + 3 - (-7 + 18))
42
Calculate 10 + -13 - (-28 + 16 - -22).
-13
What is the value of 11 + 10 + (-66 - -24 - 22)?
-43
Evaluate (24 - 7) + -11 + (3 - (-24 - (-8 - -4))).
29
What is 9 - 0 - (22 - -13 - 3)?
-23
Evaluate -44 + -8 + (10 - -7).
-35
What is -8 - (-13 + 8 + (51 - 12 - 12))?
-30
Evaluate (2 + 7 - 39) + -13 + 21.
-22
38 - (11 - (6 - 9))
24
-44 - (-31 - (-44 - (-36 + 16)))
-37
(-204 - -204) + (-5 - (-3 + 6 - 4)) + 79
75
What is 2813 + -2908 + (149 - 1)?
53
What is -5 - (343 + -293 - (-5 - (-7 - -5 - 6)))?
-52
Evaluate -120 + 38 + 23 + (-29 - -4).
-84
(-78 - (-61 - -9)) + 6 + (2 - -124)
106
What is (-1 - -14) + (141 + -132 - (7 - 28))?
43
Evaluate 53 + (-24 - -10) + (-90 - 77).
-128
-166 + (-3 - (-157 - -82))
-94
What is -35 + -2 - ((43 - 137) + 121)?
-64
What is (55 - -1) + -91 + -28?
-63
Evaluate (-18 + -35 + 32 - -43) + (-3 - 3).
16
What is the value of (-410 - -433) + (20 - (8 + -2)) + 7?
44
What is (0 + 15 - 21) + -52?
-58
-36 - ((-30 - 3) + 9) - -88
76
-7 + 1 + (-10 - -22) + 5 - 20
-9
What is the value of -13 - ((16 - 0) + (-159 - -136)) - -22?
16
What is (-8 - ((8 - -3) + -20 + -4)) + -15?
-10
What is the value of (3609 - 3615) + (0 - -1 - 42)?
-47
Evaluate 2 + 6 - (-13 - (-7 - -38 - 20)).
32
Evaluate 36 - 31 - (2 - -15) - 5 - -8.
-9
-40 + 162 + -64 + -91
-33
0 + 2 + (-3107 - -3129)
24
-13 + (11 + 66 + -2 - 22)
40
What is -77 - (-55 + 32) - (3 + (-1 - 3))?
-53
What is the value of 89 + -153 - (-16 + -10)?
-38
Calculate -14 + -2 + 187 + -200 - 19.
-48
Evaluate -18 + (20 - (19 + -14 + 13)) + 10.
-6
Evaluate (-19 - (-15 - 62) - -2) + (-2 + -3 - 6).
49
-84 - ((8 - 23) + 24 - 4 - 20)
-69
59 + 3 - (-8 + -109 - -92)
87
Calculate (-113 - (-5 + 6 + (-14 - -20) + 4)) + 10.
-114
Evaluate 1 - (-6 + -3) - ((-25 - -36) + 1).
-2
(-1 + -2 - 15) + (-86 - -2 - -94)
-8
What is the value of -59 + -1 + 103 + (-181 - -95)?
-43
Calculate 27 + 28 + -27 + -32.
-4
What is the value of -1 + 39 + -31 - -24?
31
What is the value of 0 + 3 - (13 - 25 - -16)?
-1
30 - (8 + 5 + -13 + 103)
-73
52 - -1 - (155 + 152 + -284)
30
What is 127 + -2 - (217 - 143 - 56)?
107
What is the value of 8 - 1 - (-32 - ((18 - (15 + -8)) + 0))?
50
What is the value of -5 + -1 + (-39 - -20) + 28 + -11 - -6?
-2
What is the value of 2074 + -2060 + (-2 - 37)?
-25
What is the value of (96 - -34 - -4) + -134?
0
15 + 48 + -41 + -111
-89
Calculate -3 + 16 - 7 - 6 - -22.
22
Calculate 64 + -92 - 8 - -17.
-19
Evaluate -12 - (1 + 2 - ((30 - 3) + 16)).
28
What is the value of 9 + 78 - (421 + -229)?
-105
Calculate -86 - 0 - (-153 - -32 - -115).
-80
What is (-6 - -4 - (2 - 0)) + (-5212 - -5256)?
40
36 + 1 - (18 - (9 - 3) - 19)
44
73 + -205 + 131 - (0 + -2)
1
What is the value of (-14 - -73 - 43) + 45 - -30?
91
What is the value of -2 + 18 + 0 - (-289 + 305) - 78?
-78
What is -20 - 28 - (24 + 39 + -72)?
-39
What is the value of 15 - (73 + (-264 - -145))?
61
Evaluate -10 - (-15 + 9 + -15) - 0.
11
Calculate 80 - -2 - (-230 + 250) - -9.
71
Evaluate 1 + (14 - 6) - (-17 - 7).
33
Evaluate 18 + 5 - (-11 - (-88 - -28)).
-26
127 + -7 + -7 - (-6 + 20) - -1
100
What is -16 + 25 + 3 + -68 + -23 + 7?
-72
What is the value of -36 + (-89 - (25 - (-13 - -45)))?
-118
What is the value of -5463 + 5371 + 2 + 89?
-1
95 + -98 + -113 + 67
-49
Evaluate -264 + 269 + 88 + (10 - 1).
102
Calculate (24 - (17 - -10)) + (-78 - (-9 + 3)).
-75
What is -13 + 0 + (12 - 18 - -16)?
-3
-36 + 42 + (8 - (5 - 1)) + (0 - -11)
21
What is the value of 10 - (3 + -10 + -18 + -24 + 128 + -6)?
-63
Calculate (-65 + 34 - -19) + -3 + 26.
11
What is 10 + -3 + -21 + (66 - 38)?
14
What is the value of -25 + (67 + -45 - -49)?
46
What is -56 + 0 + 29 + -10?
-37
What is the value of -59 - ((-9 - (-17 + 39)) + 29)?
-57
What is -9 - (17 + -20 - ((59 - (6 + -1)) + 1))?
49
Evaluate 1 + -24 + 11 + -21 + 45 + 6.
18
What is -34 + (20 - -9) - -38?
33
Calculate (16 + 6 + -14 - (-3 + 14)) + 3 - -3.
3
Calculate -5 + (57 - -4) + ((6 - 3) + -6 - -2).
55
Calculate 4 + -5 + -8 + -4 + (0 - -26).
13
Evaluate (-4715 - -4710) + -122 + 3 + -6 + 1.
-129
Calculate (-15 - (2 + -4)) + (5 - 15) + -19 + 22.
-20
Evaluate -17 - (-52 + 51 + -26).
10
What is 8 - (0 - (19 + 1))?
28
What is the value of -10 + 5 + 126 + -1 + -10 + 5 + -12?
103
What is (13 + -23 + 6 - -4) + 0 + 11?
11
Evaluate (92 - 36) + 26 + -146.
-64
Evaluate (115 - 2) + 25 + -181.
-43
Evaluate -89 + 19 + 0 + 14 + (5 - -11).
-40
Calculate -2 + 0 + -16 + 0 - ((-37 - -15) + 12).
-8
22 + 15 + -90 + (29 - 47)
-7